{"id":2695,"date":"2024-01-12T13:30:12","date_gmt":"2024-01-12T13:30:12","guid":{"rendered":"http:\/\/fayeing-conseils.fr\/?page_id=2695"},"modified":"2024-04-15T19:34:19","modified_gmt":"2024-04-15T19:34:19","slug":"notre-metier","status":"publish","type":"page","link":"https:\/\/fayeing-conseils.fr\/index.php\/notre-metier\/","title":{"rendered":"NOTRE METIER"},"content":{"rendered":"\t\t<div data-elementor-type=\"wp-page\" data-elementor-id=\"2695\" class=\"elementor elementor-2695\" data-elementor-post-type=\"page\">\n\t\t\t\t<div class=\"elementor-element elementor-element-371ddcb7 e-con-full e-flex e-con e-parent\" data-id=\"371ddcb7\" data-element_type=\"container\" data-settings=\"{&quot;background_background&quot;:&quot;classic&quot;}\">\n\t\t<div class=\"elementor-element elementor-element-79861de e-con-full e-flex e-con e-child\" data-id=\"79861de\" data-element_type=\"container\">\n\t\t\t\t<div class=\"elementor-element elementor-element-60bf1fb elementor-widget elementor-widget-heading\" data-id=\"60bf1fb\" data-element_type=\"widget\" data-widget_type=\"heading.default\">\n\t\t\t\t<div class=\"elementor-widget-container\">\n\t\t\t<style>\/*! elementor - v3.23.0 - 15-07-2024 *\/\n.elementor-heading-title{padding:0;margin:0;line-height:1}.elementor-widget-heading .elementor-heading-title[class*=elementor-size-]>a{color:inherit;font-size:inherit;line-height:inherit}.elementor-widget-heading .elementor-heading-title.elementor-size-small{font-size:15px}.elementor-widget-heading .elementor-heading-title.elementor-size-medium{font-size:19px}.elementor-widget-heading .elementor-heading-title.elementor-size-large{font-size:29px}.elementor-widget-heading .elementor-heading-title.elementor-size-xl{font-size:39px}.elementor-widget-heading .elementor-heading-title.elementor-size-xxl{font-size:59px}<\/style><h1 class=\"elementor-heading-title elementor-size-default\">NOTRE M\u00c9TIER<\/h1>\t\t<\/div>\n\t\t\t\t<\/div>\n\t\t\t\t<\/div>\n\t\t\t\t<\/div>\n\t\t<div class=\"elementor-element elementor-element-80c1471 e-con-full e-flex e-con e-parent\" data-id=\"80c1471\" data-element_type=\"container\">\n\t\t\t\t<div class=\"elementor-element elementor-element-e7840b7 elementor-widget elementor-widget-spacer\" data-id=\"e7840b7\" data-element_type=\"widget\" data-widget_type=\"spacer.default\">\n\t\t\t\t<div class=\"elementor-widget-container\">\n\t\t\t<style>\/*! elementor - v3.23.0 - 15-07-2024 *\/\n.elementor-column .elementor-spacer-inner{height:var(--spacer-size)}.e-con{--container-widget-width:100%}.e-con-inner>.elementor-widget-spacer,.e-con>.elementor-widget-spacer{width:var(--container-widget-width,var(--spacer-size));--align-self:var(--container-widget-align-self,initial);--flex-shrink:0}.e-con-inner>.elementor-widget-spacer>.elementor-widget-container,.e-con>.elementor-widget-spacer>.elementor-widget-container{height:100%;width:100%}.e-con-inner>.elementor-widget-spacer>.elementor-widget-container>.elementor-spacer,.e-con>.elementor-widget-spacer>.elementor-widget-container>.elementor-spacer{height:100%}.e-con-inner>.elementor-widget-spacer>.elementor-widget-container>.elementor-spacer>.elementor-spacer-inner,.e-con>.elementor-widget-spacer>.elementor-widget-container>.elementor-spacer>.elementor-spacer-inner{height:var(--container-widget-height,var(--spacer-size))}.e-con-inner>.elementor-widget-spacer.elementor-widget-empty,.e-con>.elementor-widget-spacer.elementor-widget-empty{position:relative;min-height:22px;min-width:22px}.e-con-inner>.elementor-widget-spacer.elementor-widget-empty .elementor-widget-empty-icon,.e-con>.elementor-widget-spacer.elementor-widget-empty .elementor-widget-empty-icon{position:absolute;top:0;bottom:0;left:0;right:0;margin:auto;padding:0;width:22px;height:22px}<\/style>\t\t<div class=\"elementor-spacer\">\n\t\t\t<div class=\"elementor-spacer-inner\"><\/div>\n\t\t<\/div>\n\t\t\t\t<\/div>\n\t\t\t\t<\/div>\n\t\t\t\t<\/div>\n\t\t<div class=\"elementor-element elementor-element-fdf8c0e e-con-full e-flex e-con e-parent\" data-id=\"fdf8c0e\" data-element_type=\"container\">\n\t\t<div class=\"elementor-element elementor-element-6c1ef68 e-con-full e-flex e-con e-child\" data-id=\"6c1ef68\" data-element_type=\"container\">\n\t\t\t\t<div class=\"elementor-element elementor-element-294a6200 elementor-widget__width-initial elementor-widget elementor-widget-text-editor\" data-id=\"294a6200\" data-element_type=\"widget\" data-widget_type=\"text-editor.default\">\n\t\t\t\t<div class=\"elementor-widget-container\">\n\t\t\t<style>\/*! elementor - v3.23.0 - 15-07-2024 *\/\n.elementor-widget-text-editor.elementor-drop-cap-view-stacked .elementor-drop-cap{background-color:#69727d;color:#fff}.elementor-widget-text-editor.elementor-drop-cap-view-framed .elementor-drop-cap{color:#69727d;border:3px solid;background-color:transparent}.elementor-widget-text-editor:not(.elementor-drop-cap-view-default) .elementor-drop-cap{margin-top:8px}.elementor-widget-text-editor:not(.elementor-drop-cap-view-default) .elementor-drop-cap-letter{width:1em;height:1em}.elementor-widget-text-editor .elementor-drop-cap{float:left;text-align:center;line-height:1;font-size:50px}.elementor-widget-text-editor .elementor-drop-cap-letter{display:inline-block}<\/style>\t\t\t\t<h2><span style=\"color: #e5bf09;\">NOTRE METIER<\/span><\/h2><p>Notre m\u00e9tier est crucial dans le domaine de la construction. Son principal objectif est de concevoir et de dimensionner la structure d&#8217;un b\u00e2timent ou d&#8217;une infrastructure afin de garantir sa stabilit\u00e9, sa s\u00e9curit\u00e9 et sa durabilit\u00e9. Voici quelques-unes des principales responsabilit\u00e9s et fonctions d&#8217;un bureau d&#8217;\u00e9tudes structure :<\/p>\t\t\t\t\t\t<\/div>\n\t\t\t\t<\/div>\n\t\t\t\t<\/div>\n\t\t<div class=\"elementor-element elementor-element-f50492c e-con-full e-flex e-con e-child\" data-id=\"f50492c\" data-element_type=\"container\">\n\t\t\t\t<div class=\"elementor-element elementor-element-305814f elementor-widget elementor-widget-image\" data-id=\"305814f\" data-element_type=\"widget\" data-widget_type=\"image.default\">\n\t\t\t\t<div class=\"elementor-widget-container\">\n\t\t\t<style>\/*! elementor - v3.23.0 - 15-07-2024 *\/\n.elementor-widget-image{text-align:center}.elementor-widget-image a{display:inline-block}.elementor-widget-image a img[src$=\".svg\"]{width:48px}.elementor-widget-image img{vertical-align:middle;display:inline-block}<\/style>\t\t\t\t\t\t\t\t\t\t<img decoding=\"async\" src=\"https:\/\/fayeing-conseils.fr\/wp-content\/uploads\/elementor\/thumbs\/building-5535464-1-qmvdqi3ezi3zaplodzqhabro1625p29duxq9bl9qb4.jpg\" title=\"building-5535464 (1)\" alt=\"building-5535464 (1)\" loading=\"lazy\" \/>\t\t\t\t\t\t\t\t\t\t\t\t\t<\/div>\n\t\t\t\t<\/div>\n\t\t\t\t<\/div>\n\t\t\t\t<\/div>\n\t\t<div class=\"elementor-element elementor-element-1400aec e-flex e-con-boxed e-con e-parent\" data-id=\"1400aec\" data-element_type=\"container\">\n\t\t\t\t\t<div class=\"e-con-inner\">\n\t\t\t\t<div class=\"elementor-element elementor-element-b56db06 elementor-widget elementor-widget-spacer\" data-id=\"b56db06\" data-element_type=\"widget\" data-widget_type=\"spacer.default\">\n\t\t\t\t<div class=\"elementor-widget-container\">\n\t\t\t\t\t<div class=\"elementor-spacer\">\n\t\t\t<div class=\"elementor-spacer-inner\"><\/div>\n\t\t<\/div>\n\t\t\t\t<\/div>\n\t\t\t\t<\/div>\n\t\t\t\t\t<\/div>\n\t\t\t\t<\/div>\n\t\t<div class=\"elementor-element elementor-element-603b3fbf e-con-full e-flex elementor-invisible e-con e-parent\" data-id=\"603b3fbf\" data-element_type=\"container\" data-settings=\"{&quot;background_background&quot;:&quot;classic&quot;,&quot;animation&quot;:&quot;fadeInRight&quot;}\">\n\t\t<div class=\"elementor-element elementor-element-177b11d7 e-con-full e-flex e-con e-child\" data-id=\"177b11d7\" data-element_type=\"container\">\n\t\t\t\t<div class=\"elementor-element elementor-element-70c5bf08 elementor-widget elementor-widget-text-editor\" data-id=\"70c5bf08\" data-element_type=\"widget\" data-widget_type=\"text-editor.default\">\n\t\t\t\t<div class=\"elementor-widget-container\">\n\t\t\t\t\t\t\t<h3><span style=\"color: #e5bf09;\">Documentation technique :<\/span><\/h3><p>Le bureau d&#8217;\u00e9tudes structure travaille sur la conception de la structure du b\u00e2timent en fonction des exigences du projet, des normes en vigueur et des charges pr\u00e9vues. Cela inclut le choix des mat\u00e9riaux structurels, la d\u00e9finition des \u00e9l\u00e9ments structuraux tels que les poutres, les colonnes et les fondations, ainsi que la cr\u00e9ation de plans d\u00e9taill\u00e9s.<\/p>\t\t\t\t\t\t<\/div>\n\t\t\t\t<\/div>\n\t\t\t\t<\/div>\n\t\t<div class=\"elementor-element elementor-element-36fce040 e-con-full e-flex e-con e-child\" data-id=\"36fce040\" data-element_type=\"container\">\n\t\t\t\t<div class=\"elementor-element elementor-element-64ea75c8 elementor-widget elementor-widget-image\" data-id=\"64ea75c8\" data-element_type=\"widget\" data-widget_type=\"image.default\">\n\t\t\t\t<div class=\"elementor-widget-container\">\n\t\t\t\t\t\t\t\t\t\t\t\t\t<img decoding=\"async\" src=\"https:\/\/fayeing-conseils.fr\/wp-content\/uploads\/elementor\/thumbs\/Screenshot_2024-03-18_14-38-07-qmvdrc62yxbk0sxlrv35gtsm8nbyihhdtl5rye5zo0.png\" title=\"Screenshot_2024-03-18_14-38-07\" alt=\"Screenshot_2024-03-18_14-38-07\" loading=\"lazy\" \/>\t\t\t\t\t\t\t\t\t\t\t\t\t<\/div>\n\t\t\t\t<\/div>\n\t\t\t\t<\/div>\n\t\t\t\t<\/div>\n\t\t<div class=\"elementor-element elementor-element-75c46c9 e-con-full e-flex elementor-invisible e-con e-parent\" data-id=\"75c46c9\" data-element_type=\"container\" data-settings=\"{&quot;background_background&quot;:&quot;classic&quot;,&quot;animation&quot;:&quot;fadeInLeft&quot;}\">\n\t\t<div class=\"elementor-element elementor-element-9939188 e-con-full e-flex e-con e-child\" data-id=\"9939188\" data-element_type=\"container\">\n\t\t\t\t<div class=\"elementor-element elementor-element-63819dc elementor-widget elementor-widget-image\" data-id=\"63819dc\" data-element_type=\"widget\" data-widget_type=\"image.default\">\n\t\t\t\t<div class=\"elementor-widget-container\">\n\t\t\t\t\t\t\t\t\t\t\t\t\t<img decoding=\"async\" src=\"https:\/\/fayeing-conseils.fr\/wp-content\/uploads\/elementor\/thumbs\/Screenshot_2024-03-18_14-22-23-qmvdrezljffezmtibeb16b300sy25ksktz48e81t5c.png\" title=\"Screenshot_2024-03-18_14-22-23\" alt=\"Screenshot_2024-03-18_14-22-23\" loading=\"lazy\" \/>\t\t\t\t\t\t\t\t\t\t\t\t\t<\/div>\n\t\t\t\t<\/div>\n\t\t\t\t<\/div>\n\t\t<div class=\"elementor-element elementor-element-7fa2223 e-con-full e-flex e-con e-child\" data-id=\"7fa2223\" data-element_type=\"container\">\n\t\t\t\t<div class=\"elementor-element elementor-element-fc34002 elementor-widget elementor-widget-text-editor\" data-id=\"fc34002\" data-element_type=\"widget\" data-widget_type=\"text-editor.default\">\n\t\t\t\t<div class=\"elementor-widget-container\">\n\t\t\t\t\t\t\t<h3><span style=\"color: #e5bf09;\">Calculs de charge :<\/span><\/h3><p>Le bureau effectue des calculs pr\u00e9cis pour d\u00e9terminer les charges auxquelles la structure sera soumise, que ce soient des charges permanentes (poids propre du b\u00e2timent, \u00e9quipements fixes) ou des charges temporaires (vent, neige, utilisation humaine, etc.).<\/p>\t\t\t\t\t\t<\/div>\n\t\t\t\t<\/div>\n\t\t\t\t<\/div>\n\t\t\t\t<\/div>\n\t\t<div class=\"elementor-element elementor-element-a49980c e-con-full e-flex elementor-invisible e-con e-parent\" data-id=\"a49980c\" data-element_type=\"container\" data-settings=\"{&quot;background_background&quot;:&quot;classic&quot;,&quot;animation&quot;:&quot;fadeInRight&quot;}\">\n\t\t<div class=\"elementor-element elementor-element-3e4d267 e-con-full e-flex e-con e-child\" data-id=\"3e4d267\" data-element_type=\"container\">\n\t\t\t\t<div class=\"elementor-element elementor-element-c02ee0b elementor-widget elementor-widget-text-editor\" data-id=\"c02ee0b\" data-element_type=\"widget\" data-widget_type=\"text-editor.default\">\n\t\t\t\t<div class=\"elementor-widget-container\">\n\t\t\t\t\t\t\t<h3><span style=\"color: #e5bf09;\">Optimisation des couts :<\/span><\/h3><p>Le bureau d&#8217;\u00e9tudes structure travaille souvent en collaboration avec d&#8217;autres parties prenantes pour optimiser la conception en fonction des contraintes budg\u00e9taires. Ils cherchent \u00e0 concevoir des structures efficaces sur le plan structurel tout en respectant les limites financi\u00e8res du projet.<\/p>\t\t\t\t\t\t<\/div>\n\t\t\t\t<\/div>\n\t\t\t\t<\/div>\n\t\t<div class=\"elementor-element elementor-element-4260717 e-con-full e-flex e-con e-child\" data-id=\"4260717\" data-element_type=\"container\">\n\t\t\t\t<div class=\"elementor-element elementor-element-87a2311 elementor-widget elementor-widget-image\" data-id=\"87a2311\" data-element_type=\"widget\" data-widget_type=\"image.default\">\n\t\t\t\t<div class=\"elementor-widget-container\">\n\t\t\t\t\t\t\t\t\t\t\t\t\t<img decoding=\"async\" src=\"https:\/\/fayeing-conseils.fr\/wp-content\/uploads\/elementor\/thumbs\/optmisationCout-qmvdr6j1tx3u355sosne1v7uoc3r8auzst8v2qecpc.jpg\" title=\"optmisationCout\" alt=\"optmisationCout\" loading=\"lazy\" \/>\t\t\t\t\t\t\t\t\t\t\t\t\t<\/div>\n\t\t\t\t<\/div>\n\t\t\t\t<\/div>\n\t\t\t\t<\/div>\n\t\t<div class=\"elementor-element elementor-element-90b71d1 e-con-full e-flex elementor-invisible e-con e-parent\" data-id=\"90b71d1\" data-element_type=\"container\" data-settings=\"{&quot;background_background&quot;:&quot;classic&quot;,&quot;animation&quot;:&quot;fadeInLeft&quot;}\">\n\t\t<div class=\"elementor-element elementor-element-9de7cd2 e-con-full e-flex e-con e-child\" data-id=\"9de7cd2\" data-element_type=\"container\">\n\t\t\t\t<div class=\"elementor-element elementor-element-963d30b elementor-widget elementor-widget-image\" data-id=\"963d30b\" data-element_type=\"widget\" data-widget_type=\"image.default\">\n\t\t\t\t<div class=\"elementor-widget-container\">\n\t\t\t\t\t\t\t\t\t\t\t\t\t<img fetchpriority=\"high\" decoding=\"async\" width=\"300\" height=\"167\" src=\"https:\/\/fayeing-conseils.fr\/wp-content\/uploads\/2024\/03\/Screenshot_2024-03-18_14-17-27-300x167.png\" class=\"attachment-medium size-medium wp-image-4755\" alt=\"\" srcset=\"https:\/\/fayeing-conseils.fr\/wp-content\/uploads\/2024\/03\/Screenshot_2024-03-18_14-17-27-300x167.png 300w, https:\/\/fayeing-conseils.fr\/wp-content\/uploads\/2024\/03\/Screenshot_2024-03-18_14-17-27-768x429.png 768w, https:\/\/fayeing-conseils.fr\/wp-content\/uploads\/2024\/03\/Screenshot_2024-03-18_14-17-27.png 964w\" sizes=\"(max-width: 300px) 100vw, 300px\" \/>\t\t\t\t\t\t\t\t\t\t\t\t\t<\/div>\n\t\t\t\t<\/div>\n\t\t\t\t<\/div>\n\t\t<div class=\"elementor-element elementor-element-e060f8a e-con-full e-flex e-con e-child\" data-id=\"e060f8a\" data-element_type=\"container\">\n\t\t\t\t<div class=\"elementor-element elementor-element-2837f64 elementor-widget elementor-widget-text-editor\" data-id=\"2837f64\" data-element_type=\"widget\" data-widget_type=\"text-editor.default\">\n\t\t\t\t<div class=\"elementor-widget-container\">\n\t\t\t\t\t\t\t<h3><span style=\"color: #e5bf09;\">Pr\u00e9vention des risques sismiques <\/span><span style=\"color: #e5bf09;\">:<\/span><\/h3><p>Dans les zones sismiques, le bureau d&#8217;\u00e9tudes structure doit prendre en compte les risques sismiques et concevoir des structures capables de r\u00e9sister \u00e0 de tels \u00e9v\u00e9nements.<\/p>\t\t\t\t\t\t<\/div>\n\t\t\t\t<\/div>\n\t\t\t\t<\/div>\n\t\t\t\t<\/div>\n\t\t<div class=\"elementor-element elementor-element-028d269 e-con-full e-flex elementor-invisible e-con e-parent\" data-id=\"028d269\" data-element_type=\"container\" data-settings=\"{&quot;background_background&quot;:&quot;classic&quot;,&quot;animation&quot;:&quot;fadeInRight&quot;}\">\n\t\t<div class=\"elementor-element elementor-element-a8b464e e-con-full e-flex e-con e-child\" data-id=\"a8b464e\" data-element_type=\"container\">\n\t\t\t\t<div class=\"elementor-element elementor-element-2de3170 elementor-widget elementor-widget-text-editor\" data-id=\"2de3170\" data-element_type=\"widget\" data-widget_type=\"text-editor.default\">\n\t\t\t\t<div class=\"elementor-widget-container\">\n\t\t\t\t\t\t\t<h3><span style=\"color: #e5bf09;\">Conception structurale :<\/span><\/h3><p>Le bureau d&#8217;\u00e9tudes structure produit des documents techniques, des plans et des rapports d\u00e9taill\u00e9s qui servent de r\u00e9f\u00e9rence pour la construction. Ces documents sont \u00e9galement utilis\u00e9s pour obtenir les autorisations n\u00e9cessaires des autorit\u00e9s r\u00e9glementaires.<\/p>\t\t\t\t\t\t<\/div>\n\t\t\t\t<\/div>\n\t\t\t\t<\/div>\n\t\t<div class=\"elementor-element elementor-element-252f7f4 e-con-full e-flex e-con e-child\" data-id=\"252f7f4\" data-element_type=\"container\">\n\t\t\t\t<div class=\"elementor-element elementor-element-cddc058 elementor-widget elementor-widget-image\" data-id=\"cddc058\" data-element_type=\"widget\" data-widget_type=\"image.default\">\n\t\t\t\t<div class=\"elementor-widget-container\">\n\t\t\t\t\t\t\t\t\t\t\t\t\t<img decoding=\"async\" src=\"https:\/\/fayeing-conseils.fr\/wp-content\/uploads\/elementor\/thumbs\/technique-qmvdqv8zjwoe7tm6inrv7y2bjpncnxm7r9f1bev2s0.jpg\" title=\"technique\" alt=\"technique\" loading=\"lazy\" \/>\t\t\t\t\t\t\t\t\t\t\t\t\t<\/div>\n\t\t\t\t<\/div>\n\t\t\t\t<\/div>\n\t\t\t\t<\/div>\n\t\t<div class=\"elementor-element elementor-element-9ac4fee e-con-full e-flex elementor-invisible e-con e-parent\" data-id=\"9ac4fee\" data-element_type=\"container\" data-settings=\"{&quot;background_background&quot;:&quot;classic&quot;,&quot;animation&quot;:&quot;fadeInLeft&quot;}\">\n\t\t<div class=\"elementor-element elementor-element-f2f7549 e-con-full e-flex e-con e-child\" data-id=\"f2f7549\" data-element_type=\"container\">\n\t\t\t\t<div class=\"elementor-element elementor-element-2fb575d elementor-widget elementor-widget-image\" data-id=\"2fb575d\" data-element_type=\"widget\" data-widget_type=\"image.default\">\n\t\t\t\t<div class=\"elementor-widget-container\">\n\t\t\t\t\t\t\t\t\t\t\t\t\t<img decoding=\"async\" src=\"https:\/\/fayeing-conseils.fr\/wp-content\/uploads\/elementor\/thumbs\/collab-1536x1024-1-qmvdr5l7n32jrj75ua8rhdge2y8e0lr9goldlgfqvk.jpg\" title=\"Business people connecting puzzle pieces\" alt=\"Business people connecting puzzle pieces\" loading=\"lazy\" \/>\t\t\t\t\t\t\t\t\t\t\t\t\t<\/div>\n\t\t\t\t<\/div>\n\t\t\t\t<\/div>\n\t\t<div class=\"elementor-element elementor-element-f19a726 e-con-full e-flex e-con e-child\" data-id=\"f19a726\" data-element_type=\"container\">\n\t\t\t\t<div class=\"elementor-element elementor-element-310c98b elementor-widget elementor-widget-text-editor\" data-id=\"310c98b\" data-element_type=\"widget\" data-widget_type=\"text-editor.default\">\n\t\t\t\t<div class=\"elementor-widget-container\">\n\t\t\t\t\t\t\t<h3><span style=\"color: #e5bf09;\">Collaboration avec d&#8217;autres disciplines :<\/span><\/h3><p>Il collabore \u00e9troitement avec d\u2019autres bureaux d\u2019\u00e9tudes (architectes, ing\u00e9nieurs MEP pour la m\u00e9canique, l\u2019\u00e9lectricit\u00e9 et la plomberie, etc.) pour assurer la coh\u00e9rence et l\u2019int\u00e9gration compl\u00e8te des diff\u00e9rents aspects du projet.<\/p>\t\t\t\t\t\t<\/div>\n\t\t\t\t<\/div>\n\t\t\t\t<\/div>\n\t\t\t\t<\/div>\n\t\t<div class=\"elementor-element elementor-element-53c8483 e-con-full e-flex elementor-invisible e-con e-parent\" data-id=\"53c8483\" data-element_type=\"container\" data-settings=\"{&quot;background_background&quot;:&quot;classic&quot;,&quot;animation&quot;:&quot;fadeInRight&quot;}\">\n\t\t<div class=\"elementor-element elementor-element-6fed0bd e-con-full e-flex e-con e-child\" data-id=\"6fed0bd\" data-element_type=\"container\">\n\t\t\t\t<div class=\"elementor-element elementor-element-04d417c elementor-widget elementor-widget-text-editor\" data-id=\"04d417c\" data-element_type=\"widget\" data-widget_type=\"text-editor.default\">\n\t\t\t\t<div class=\"elementor-widget-container\">\n\t\t\t\t\t\t\t<h3><span style=\"color: #e5bf09;\">Analyse structurale :<\/span><\/h3><p>Les ing\u00e9nieurs du bureau r\u00e9alisent des analyses structurales pour \u00e9valuer la r\u00e9sistance, la stabilit\u00e9 et la d\u00e9formation de la structure sous diff\u00e9rentes conditions de charges. Cela permet d\u2019assurer que la structure r\u00e9pond aux normes de s\u00e9curit\u00e9 et de performance.<\/p>\t\t\t\t\t\t<\/div>\n\t\t\t\t<\/div>\n\t\t\t\t<\/div>\n\t\t<div class=\"elementor-element elementor-element-6565482 e-con-full e-flex e-con e-child\" data-id=\"6565482\" data-element_type=\"container\">\n\t\t\t\t<div class=\"elementor-element elementor-element-1da73c4 elementor-widget elementor-widget-image\" data-id=\"1da73c4\" data-element_type=\"widget\" data-widget_type=\"image.default\">\n\t\t\t\t<div class=\"elementor-widget-container\">\n\t\t\t\t\t\t\t\t\t\t\t\t\t<img decoding=\"async\" width=\"300\" height=\"168\" src=\"https:\/\/fayeing-conseils.fr\/wp-content\/uploads\/2024\/03\/Screenshot_2024-03-18_14-46-12-300x168.png\" class=\"attachment-medium size-medium wp-image-4786\" alt=\"\" srcset=\"https:\/\/fayeing-conseils.fr\/wp-content\/uploads\/2024\/03\/Screenshot_2024-03-18_14-46-12-300x168.png 300w, https:\/\/fayeing-conseils.fr\/wp-content\/uploads\/2024\/03\/Screenshot_2024-03-18_14-46-12-1024x574.png 1024w, https:\/\/fayeing-conseils.fr\/wp-content\/uploads\/2024\/03\/Screenshot_2024-03-18_14-46-12-768x430.png 768w, https:\/\/fayeing-conseils.fr\/wp-content\/uploads\/2024\/03\/Screenshot_2024-03-18_14-46-12.png 1055w\" sizes=\"(max-width: 300px) 100vw, 300px\" \/>\t\t\t\t\t\t\t\t\t\t\t\t\t<\/div>\n\t\t\t\t<\/div>\n\t\t\t\t<\/div>\n\t\t\t\t<\/div>\n\t\t<div class=\"elementor-element elementor-element-020999f e-flex e-con-boxed e-con e-parent\" data-id=\"020999f\" data-element_type=\"container\">\n\t\t\t\t\t<div class=\"e-con-inner\">\n\t\t\t\t<div class=\"elementor-element elementor-element-f653285 elementor-widget elementor-widget-spacer\" data-id=\"f653285\" data-element_type=\"widget\" data-widget_type=\"spacer.default\">\n\t\t\t\t<div class=\"elementor-widget-container\">\n\t\t\t\t\t<div class=\"elementor-spacer\">\n\t\t\t<div class=\"elementor-spacer-inner\"><\/div>\n\t\t<\/div>\n\t\t\t\t<\/div>\n\t\t\t\t<\/div>\n\t\t\t\t\t<\/div>\n\t\t\t\t<\/div>\n\t\t<div class=\"elementor-element elementor-element-d969447 e-flex e-con-boxed e-con e-parent\" data-id=\"d969447\" data-element_type=\"container\">\n\t\t\t\t\t<div class=\"e-con-inner\">\n\t\t\t\t<div class=\"elementor-element elementor-element-80196f6 elementor-widget elementor-widget-heading\" data-id=\"80196f6\" data-element_type=\"widget\" data-widget_type=\"heading.default\">\n\t\t\t\t<div class=\"elementor-widget-container\">\n\t\t\t<h4 class=\"elementor-heading-title elementor-size-default\">En r\u00e9sum\u00e9, le bureau d'\u00e9tudes structure joue un r\u00f4le essentiel dans la conception, l'analyse et la\nr\u00e9alisation de structures solides et s\u00e9curis\u00e9es pour les projets de construction.<\/h4>\t\t<\/div>\n\t\t\t\t<\/div>\n\t\t\t\t\t<\/div>\n\t\t\t\t<\/div>\n\t\t<div class=\"elementor-element elementor-element-014e545 e-flex e-con-boxed e-con e-parent\" data-id=\"014e545\" data-element_type=\"container\">\n\t\t\t\t\t<div class=\"e-con-inner\">\n\t\t\t\t<div class=\"elementor-element elementor-element-fb46bd8 elementor-widget elementor-widget-spacer\" data-id=\"fb46bd8\" data-element_type=\"widget\" data-widget_type=\"spacer.default\">\n\t\t\t\t<div class=\"elementor-widget-container\">\n\t\t\t\t\t<div class=\"elementor-spacer\">\n\t\t\t<div class=\"elementor-spacer-inner\"><\/div>\n\t\t<\/div>\n\t\t\t\t<\/div>\n\t\t\t\t<\/div>\n\t\t\t\t\t<\/div>\n\t\t\t\t<\/div>\n\t\t\t\t<\/div>\n\t\t","protected":false},"excerpt":{"rendered":"<p>NOTRE M\u00c9TIER NOTRE METIER Notre m\u00e9tier est crucial dans le domaine de la construction. Son principal objectif est de concevoir et de dimensionner la structure d&#8217;un b\u00e2timent ou d&#8217;une infrastructure afin de garantir sa stabilit\u00e9, sa s\u00e9curit\u00e9 et sa durabilit\u00e9. Voici quelques-unes des principales responsabilit\u00e9s et fonctions d&#8217;un bureau d&#8217;\u00e9tudes structure : Documentation technique : [&hellip;]<\/p>\n","protected":false},"author":1,"featured_media":0,"parent":0,"menu_order":0,"comment_status":"closed","ping_status":"closed","template":"elementor_header_footer","meta":{"footnotes":""},"class_list":["post-2695","page","type-page","status-publish","hentry"],"aioseo_notices":[],"_links":{"self":[{"href":"https:\/\/fayeing-conseils.fr\/index.php\/wp-json\/wp\/v2\/pages\/2695","targetHints":{"allow":["GET"]}}],"collection":[{"href":"https:\/\/fayeing-conseils.fr\/index.php\/wp-json\/wp\/v2\/pages"}],"about":[{"href":"https:\/\/fayeing-conseils.fr\/index.php\/wp-json\/wp\/v2\/types\/page"}],"author":[{"embeddable":true,"href":"https:\/\/fayeing-conseils.fr\/index.php\/wp-json\/wp\/v2\/users\/1"}],"replies":[{"embeddable":true,"href":"https:\/\/fayeing-conseils.fr\/index.php\/wp-json\/wp\/v2\/comments?post=2695"}],"version-history":[{"count":183,"href":"https:\/\/fayeing-conseils.fr\/index.php\/wp-json\/wp\/v2\/pages\/2695\/revisions"}],"predecessor-version":[{"id":5063,"href":"https:\/\/fayeing-conseils.fr\/index.php\/wp-json\/wp\/v2\/pages\/2695\/revisions\/5063"}],"wp:attachment":[{"href":"https:\/\/fayeing-conseils.fr\/index.php\/wp-json\/wp\/v2\/media?parent=2695"}],"curies":[{"name":"wp","href":"https:\/\/api.w.org\/{rel}","templated":true}]}}